- 126749. Let j = -904 - r. Is j prime?
True
Suppose 6299216 = 47*k - 5653871. Is k prime?
False
Is (-1035738)/(-20) + (-5022)/180 + 28 a composite number?
False
Let l be (153310/(-40))/(-1) - 1/(-4). Suppose 353 = -3*m - 3*r + l, -m - 3*r = -1166. Is m prime?
False
Suppose -a + 0*n = 4*n + 3, 9 = -3*a - 4*n. Let z be 19*3/12 - a/12. Suppose 0 = -3*x + 2*p + 3*p + 1446, z*x - 2410 = 2*p. Is x composite?
True
Suppose 2*i = -k + 1420086, 4*i - 4*k = 8*i - 2840180. Is i a prime number?
False
Let i = -436 - -858. Suppose 0 = 21*s - 23*s + i. Is s a composite number?
False
Let x(q) = -12 - 6*q**2 - 32*q + q**3 + 34*q + 2. Let r be x(7). Suppose -2*a - 5*v + 119 = 0, -a - 4*v = -2*a + r. Is a a prime number?
False
Suppose -99770 = -5*m - 5*v, -6*v + 4*v = -5*m + 99742. Suppose 5*t + m = -0*t. Let w = -1863 - t. Is w a composite number?
True
Let n(s) = 3665*s - 11. Is n(18) prime?
False
Is 534642*(-9 - (-95)/10) prime?
False
Let y(r) = 11*r + 8. Let t be y(-1). Let v be -3 - (t + -3) - -1. Suppose 0*o = -v*z + o + 6245, o - 3121 = -2*z. Is z a prime number?
False
Suppose 1912*r + 262266 = 1914*r. Is r a prime number?
False
Suppose -7*i - 2*j + 7212849 = -2*i, -5*i + 7212800 = -5*j. Is i composite?
True
Let r be (86/(1 + -3) - -2) + -3. Let j = 76 + r. Suppose 2*v = j + 290. Is v a composite number?
True
Suppose -30085 = 8*c - 411597. Is c a composite number?
True
Suppose 29*x - 20570222 - 1613293 = -16*x. Is x composite?
False
Let m = 86442 - 44013. Is m prime?
False
Suppose 9*t - 337565 = -24932. Is t a composite number?
True
Suppose 0 = -19*d - 4*d + 1449. Suppose -d*g + 15545 = -58*g. Is g a prime number?
True
Suppose 2 = -3*r + 5*r, -3*r + 44 = f. Is -43 + f + (-1 - 8502)/(-1) composite?
False
Let j = -36297 - -67310. Is j a prime number?
True
Suppose -25*o + 44 = -14*o. Suppose 2*y - 2*t = 1944 + 396, 1165 = y + o*t. Is y prime?
False
Let x be ((-5)/(-10))/(5/(-1270)). Suppose -3*z + 543 = 3*j, -449 - 276 = -4*j - 3*z. Let k = j + x. Is k a composite number?
True
Is (-5474315)/(-53) - 70/(-1855) composite?
False
Let c be 1 + (-18)/(-10) - 29/(-145). Suppose c*d = 5*x, -4*d - 7 - 10 = -x. Let s(b) = 22*b**2 + 4*b + 11. Is s(d) prime?
True
Is (-366667)/(-6) - (-14)/(-84) a prime number?
False
Suppose -5*s + 390 = -5*o, 0 = 4*o - s + 333 - 30. Is (-8)/(-60) - 157415/o a composite number?
False
Let k(r) = 17*r + 2 + 61*r - r. Let d be (-125 + 119)*(-4)/((-72)/(-21)). Is k(d) prime?
True
Let w(t) be the third derivative of -t**6/60 - t**5/15 - t**3/2 + 2*t**2. Let r be w(-3). Is (-1914)/(-20)*2 - 6/r prime?
True
Let v(f) = f**2 - 15*f + 42. Let z be v(13). Suppose -5*a - z = -3*x, -4*a - 8 = -x + 2. Suppose 110 = x*p - 84. Is p a composite number?
False
Let o(r) = 314*r**2 + 12*r - 9. Let j(l) = 6*l**3 - 2*l**2 + l. Let m be j(1). Is o(m) prime?
True
Let z(y) = -7717*y**3 - 3*y**2 + 1. Let i be 63/28 - 2/8. Let t be z(i). Is t/(-21) - (-2)/3 a prime number?
False
Suppose -5*j = 4*i + 371, i - 3*j + j + 109 = 0. Let m = -91 - i. Is 841/(-4)*m/(1 - 3) a prime number?
False
Let b = 603 - 600. Is (-40 - 9490)*(-2 - b/(-2)) a composite number?
True
Let y = 3 + 1. Suppose -3*x = -2*l + y*l - 2314, -12 = -3*x. Is l prime?
True
Suppose f - 27*f - 130 = 0. Is f + 9 + (0 - -32929) a composite number?
False
Let r be (11278/4)/(5 + (-33)/6). Let n = 19428 - r. Is n a composite number?
True
Suppose -3*i = -22 + 1. Let n = -3 + i. Suppose 5*c + 2250 = 5*k - 0*c, n*c = 3*k - 1353. Is k composite?
True
Let m(i) = 3433*i + 15589. Is m(10) composite?
False
Suppose 36*k - 62*k + 4*k + 1920446 = 0. Is k a composite number?
False
Let t be 112/20 - 12/(-30). Suppose t*r = 3*r + 3939. Is r a composite number?
True
Is (-433964)/(-212)*(2 + -1) a prime number?
False
Let m(z) = -4*z**2 + 6*z + 13. Let d be m(-2). Let o(p) = 210*p**2 - 7*p - 16. Is o(d) a prime number?
True
Is 6/(42/559769) + 0/((-8)/2) a prime number?
True
Suppose 17 = -4*i + 9. Is (1 + 7)/(-8)*1706/i a composite number?
False
Is (-10493990)/(-40) - (-27)/(-36) composite?
False
Let s(x) = 3685*x**2 + 25*x - 26. Let b be s(1). Let m = 11093 + b. Is m composite?
True
Suppose 2650 = -5*i - 4000. Let j = i - -2271. Is j prime?
True
Let h = 113879 - 50416. Is h a prime number?
True
Suppose -4*v + 1480612 = 4*l, 7*l - 8*l - 5*v + 370153 = 0. Is l a prime number?
False
Let g = -54 - -64. Suppose -g*r = -2*r - 40. Suppose -r*y = -8959 + 304. Is y prime?
False
Suppose 23 = 4*c + 5*t, 0*c - 4*t = 2*c - 16. Suppose 0 = c*r - k - 3552, -2*k = -5*r + k + 8879. Is r a composite number?
False
Let c = -122 + 125. Suppose 4*k = 4*g + 39632, c*k + k = -4*g + 39616. Suppose 12*f = 6*f + k. Is f prime?
False
Suppose -2*r - 53 = -3*y, 3*r = 4*y - 60 - 11. Suppose -301872 = y*f - 23*f. Suppose 0 = -12*o + f - 932. Is o a prime number?
False
Suppose -23*y + 18*y + 10 = 0, -2*n + 15712 = 3*y. Is n prime?
True
Suppose z + 0*z = -4*h - 11, 2*z - 17 = 5*h. Let a be 1723*(-6)/(-2) + z. Suppose 2*l - 4*o - a = 0, -3*o - 4711 - 3038 = -3*l. Is l a composite number?
True
Let q(x) be the second derivative of x**3/3 + 4*x**2 - 6*x. Let a be q(-5). Is a/6 + (-2142)/(-27) prime?
True
Let o = -23273 - -40876. Is o a prime number?
False
Let r(j) = 3*j**3 - 77*j**2 + 44*j + 11. Is r(36) a composite number?
False
Let y be (7 + -3)/(50/25). Suppose 0 = 2*i - y*n - 5784, 3*n = -18*i + 19*i - 2890. Is i composite?
True
Suppose -21261*s - 24565161 = -21308*s. Is s composite?
True
Let a = -25768 - -46057. Suppose 8*d - a = 44855. Is d a composite number?
True
Let k = -477 + 480. Is (-8258)/(-4)*4 + 15/k composite?
False
Suppose -31 = -4*o - 0*a - 3*a, -2*o + 3*a - 7 = 0. Suppose 47*b - 43*b + o = 0. Is (-2)/7 - 70064/(-28) - b composite?
False
Suppose 4*a + 5*i - 723616 = 0, 633*i - 904511 = -5*a + 629*i. Is a composite?
True
Suppose 5*f = -20, 39*f - 35*f = 4*j - 1151964. Is j prime?
False
Is 125394 + -6 + -3 + -8 prime?
False
Let l(r) = 3187*r - 323. Let y be (120/(-72))/(-2 - 62/(-36)). Is l(y) prime?
False
Suppose -4*r - 68 = -5*v - 0*r, -5*v = -2*r - 74. Suppose -2*g + v = -0*g. Suppose 15*i - 1477 = g*i. Is i a prime number?
True
Suppose m - 2 = -0*m, -26 = -2*l - 5*m. Suppose -3*o - 2 = -l. Is (-2 - 3*-607) + (6 - o) prime?
True
Suppose -94*h + 93*h - 15 = 0. Is 36/27 + (-55585)/h prime?
False
Suppose -785*s = -796*s + 653719. Is s a prime number?
False
Suppose -53*a + 13339458 - 2720257 = -27597456. Is a composite?
True
Suppose -4557822 - 1901157 = -62*b - 379445. Is b prime?
True
Let x(u) = 6*u**3 + 18*u**2 + 26*u - 37. Let l(w) = w**3 - w**2 + w - 1. Let c(z) = 5*l(z) - x(z). Let m be c(-22). Is 1 + 35556/m - (-34)/85 prime?
True
Suppose -3*r = r - 20. Suppose 2*s - 13165 = -3*b, -3*b + 5*b + r*s - 8795 = 0. Is b a prime number?
False
Let h(s) = 2*s**2 + 10*s**2 + 50*s - 30*s - 93. Is h(-17) prime?
False
Let t = -15 - -11. Let l be 5 + -9078 + t + 3. Is (1 + (-10)/(-4))/((-13)/l) composite?
True
Let c = 2140 - 819. Let y = -4 + 8. Suppose y*q = c + 883. Is q prime?
False
Let l(k) = 100*k**3 - k**2 - 6*k + 7. Suppose -1 + 5 = t, -8 = 4*d + 2*t. Let p be d + 2 + -1 - (-10 - -5). Is l(p) a composite number?
True
Let k be (-1)/(4 - 2 - 3). Let b be (-1)/2 + (k - 15/(-6)). Suppose -t + f = -32, b*f = -5*t + 2*f + 172. Is t prime?
False
Let j = -66 + 71. Suppose 9790 = j*y + 2*z, -3*z + 0*z = 4*y - 7839. Suppose 4*n + 4*k - 3287 = -n, 3*n = 3*k + y. Is n composite?
True
Suppose 11 = -6*k + 35. Suppose 3*p + 24 = -k*d, -5*p = -3*p. Is (-3676)/(-6) - 2/d a prime number?
True
Suppose 31*z - 268506 = 10*z. Suppose -g - 15985 = -5*r - 3*g, 4*r = -2*g + z. Is r prime?
False
Let y(l) = 4*l**3 + l**2 + 2*l + 1. Let r be y(-1). Is 2108 - (r + (-4 - (-7 - -2))) a prime number?
True
Let f(g) = -2*g**3 - 7*g**2 - 7*g - 4. Let o be f(-4). Let b = -35 + o. Suppose -b*j + j = -5*m + 7053, 0 = j + 2. Is m a composite number?
False
Let f = 98153 + -19462. Is f composite?
False
Let c(v) be the first derivative of -v**4/2 + 4*v**3 + 4*v**2 - 5*v + 228. Is c(-9) a composite number?
True
Suppose -907104 = -15*o - o. Suppose -9*k + 35223 = -o. Is k composite?
True
Suppose 61*c = -36*c - 2*c + 42050943. Is c a prime number?
True
Let m = -58053 - -566924. Is m prime?
False
Let g = -229002 - -391645. Is g a composite number?
True
Suppose 0 = -2*o + 8, 2*n - 13*o - 336